Is 91621 a composite number?
False
Is 49091 a composite number?
True
Is 294103 composite?
False
Is 16355 a prime number?
False
Is 4208161 a composite number?
True
Is 107563 composite?
False
Is 4591 prime?
True
Is 50818 a prime number?
False
Is 50885 a composite number?
True
Is 35437 a composite number?
False
Is 3611 prime?
False
Is 236947 prime?
True
Is 80191 a prime number?
True
Is 797 a composite number?
False
Is 4049 composite?
False
Is 137659 composite?
False
Is 214039 a prime number?
False
Is 933497 prime?
True
Is 10223 a prime number?
True
Is 2099 composite?
False
Is 36415 composite?
True
Is 1443781 a prime number?
True
Is 3571 a composite number?
False
Is 52339 prime?
False
Is 310223 composite?
False
Is 387839 a composite number?
False
Is 5413 a composite number?
False
Is 937289 a prime number?
False
Is 1083273 composite?
True
Is 733 composite?
False
Is 3199 a prime number?
False
Is 2435 prime?
False
Is 25693 composite?
False
Is 43261 a prime number?
True
Is 422783 prime?
False
Is 48215 prime?
False
Is 1079 prime?
False
Is 47491 a composite number?
False
Is 3434315 prime?
False
Is 112649 a prime number?
False
Is 910363 a prime number?
False
Is 131961 a prime number?
False
Is 983317 a prime number?
True
Is 8219 a composite number?
False
Is 6841 a prime number?
True
Is 10779 composite?
True
Is 86677 a composite number?
False
Is 244159 composite?
False
Is 287491 a composite number?
False
Is 848427 prime?
False
Is 29527 a prime number?
True
Is 1703 prime?
False
Is 1915549 a composite number?
True
Is 42442 prime?
False
Is 3643 composite?
False
Is 11363 a composite number?
True
Is 30367 composite?
False
Is 25057 a prime number?
True
Is 250093 prime?
False
Is 171357 composite?
True
Is 74371 prime?
False
Is 11239 composite?
False
Is 9103 composite?
False
Is 3278039 a prime number?
True
Is 694853 a prime number?
False
Is 174893 a prime number?
True
Is 2562803 composite?
False
Is 473279 composite?
False
Is 373313 a composite number?
True
Is 903017 a composite number?
False
Is 50237 prime?
False
Is 4513 prime?
True
Is 197803 prime?
True
Is 851 prime?
False
Is 205039 a composite number?
True
Is 165799 prime?
True
Is 621451 prime?
True
Is 3439 a composite number?
True
Is 532417 composite?
False
Is 5969 composite?
True
Is 8923 a prime number?
True
Is 39361 composite?
True
Is 35311 a composite number?
False
Is 17783 a composite number?
False
Is 3497 prime?
False
Is 133757 prime?
False
Is 24593 a composite number?
False
Is 40954 a prime number?
False
Is 1049 composite?
False
Is 25439 a composite number?
False
Is 17783 a composite number?
False
Is 36997 prime?
True
Is 78467 a prime number?
True
Is 1895 prime?
False
Is 72951 composite?
True
Is 212131 a composite number?
False
Is 38299 prime?
True
Is 472499 composite?
True
Is 1633649 a composite number?
True
Is 14057 composite?
False
Is 807349 a composite number?
True
Is 262 a prime number?
False
Is 21443 prime?
False
Is 160315 a prime number?
False
Is 151703 a composite number?
False
Is 12605 a composite number?
True
Is 13259 prime?
True
Is 422753 a composite number?
False
Is 54689 a prime number?
False
Is 2179 a prime number?
True
Is 1217 a prime number?
True
Is 111157 a prime number?
False
Is 11381 prime?
False
Is 167521 prime?
True
Is 6779 prime?
True
Is 61249 a composite number?
True
Is 537 a composite number?
True
Is 18329 a composite number?
False
Is 2503 prime?
True
Is 21081 prime?
False
Is 204047 composite?
False
Is 73113 prime?
False
Is 448557 a composite number?
True
Is 1009 composite?
False
Is 13863 a prime number?
False
Is 89363 a prime number?
True
Is 7571 prime?
False
Is 255851 a prime number?
True
Is 865571 a composite number?
True
Is 25711 a prime number?
False
Is 4241 a composite number?
False
Is 292379 prime?
False
Is 12451 composite?
False
Is 2099 prime?
True
Is 106687 composite?
True
Is 13309 prime?
True
Is 11027 a composite number?
False
Is 85 prime?
False
Is 16811 composite?
False
Is 27731 composite?
True
Is 83441 prime?
False
Is 1067 prime?
False
Is 64673 a prime number?
False
Is 1653853 composite?
False
Is 8301 prime?
False
Is 2813389 a composite number?
True
Is 2721 a composite number?
True
Is 376881 a composite number?
True
Is 12227 prime?
True
Is 1590203 prime?
True
Is 905729 prime?
False
Is 3453 a composite number?
True
Is 27899 a composite number?
True
Is 627251 prime?
True
Is 2491 a prime number?
False
Is 1104497 composite?
True
Is 16519 a composite number?
False
Is 6733 a composite number?
False
Is 5981 a composite number?
False
Is 579863 a composite number?
True
Is 166589 prime?
False
Is 1897 composite?
True
Is 28286 composite?
True
Is 585281 a composite number?
True
Is 450793 prime?
False
Is 13094 a composite number?
True
Is 2460973 prime?
True
Is 9335 composite?
True
Is 9167 a composite number?
True
Is 3205 composite?
True
Is 49801 a composite number?
False
Is 24937 a prime number?
False
Is 12389 a prime number?
False
Is 318127 prime?
True
Is 16894 a composite number?
True
Is 3491 prime?
True
Is 10061 composite?
False
Is 2063 a composite number?
False
Is 8083 a composite number?
True
Is 2777 prime?
True
Is 187597 a prime number?
True
Is 7115 a prime number?
False
Is 60487 a composite number?
True
Is 87337 prime?
True
Is 7297 a prime number?
True
Is 232549 a prime number?
True
Is 1869691 prime?
True
Is 116149 prime?
False
Is 39397 prime?
True
Is 448519 a composite number?
False
Is 3571 a composite number?
False
Is 6247 a composite number?
False
Is 1642423 composite?
False
Is 34418 a prime number?
False
Is 28901 composite?
False
Is 437909 a composite number?
False
Is 951355 a composite number?
True
Is 1139 a prime number?
False
Is 203293 a composite number?
False
Is 193559 composite?
False
Is 2867 a prime number?
False
Is 418553 a prime number?
True
Is 4987 composite?
False
Is 33671 composite?
True
Is 597757 prime?
True
Is 143107 prime?
True
Is 27629 a composite number?
True
Is 156413 a composite number?
True
Is 7729 a composite number?
True
Is 2220691 a prime number?
False
Is 128143 prime?
False
Is 94307 prime?
True
Is 3321841 prime?
True
Is 465559 a prime number?
False
Is 22583 a composite number?
True
Is 246577 a prime number?
True
Is 4663 prime?
True
Is 240181 a composite number?
True
Is 13217 prime?
True
Is 45593 prime?
False
Is 210731 a prime number?
True
Is 2333 a prime number?
True
Is 30761 a composite number?
True
Is 3019 a prime number?
True
Is 1462999 a prime number?
True
Is 158293 a composite number?
False
Is 44417 prime?
True
Is 83639 a prime number?
True
Is 131983 prime?
False
Is 23197 a prime number?
True
Is 25889 prime?
True
Is 2330663 a prime number?
True
Is 351035 prime?
False
Is 785 a prime number?
False
Is 485 a composite number?
True
Is 856493 a composite number?
True
Is 234131 a prime number?
True
Is 47543 composite?
False
Is 8203 a composite number?
True
Is 89951 prime?
False
Is 17707 prime?
True
Is 2589109 prime?
False
Is 76367 composite?
False
Is 1279871 a composite number?
False
Is 20053 a composite number?
True
Is 67237 prime?
False
Is 72421 prime?
True
Is 30106 prime?
False
Is 70739 a composite number?
True
Is 4493 composite?
False
Is 650054 a composite number?
True
Is 12409 prime?
True
Is 192689 a composite number?
True
Is 17519 a composite number?
False
Is 11801 a composite number?
False
Is 619051 prime?
False
Is 45817 a prime number?
True
Is 451313 a prime number?
True
Is 5179 a composite number?
False
Is 28901 prime?
True
Is 105899 prime?
True
Is 124427 a prime number?
True
Is 22433 prime?
True
Is 2034905 prime?
False
Is 30689 a prime number?
True
Is 1191061 composite?
False
Is 1358393 a composite number?
False
Is 8101 a prime number?
True
Is 32629 a prime number?
False
Is 5897 prime?
True
Is 599237 composite?
True
Is 2417 a prime number?
True
Is 1215457 a prime number?
True
Is 251 composite?
False
Is 203861 composite?
True
Is 44491 composite?
False
Is 16619 a composite number?
False
Is 57367 prime?
True
Is 257137 a prime number?
False
Is 54523 a prime number?
False
Is 416267 prime?
False
Is 41059 composite?
True
Is 8329 a composite number?
False
Is 38543 composite?
False
Is 397 prime?
True
Is 7593 a prime number?
False
Is 443219 prime?
False
Is 5079 a prime number?
False
Is 9023 a composite number?
True
Is 72003 prime?
False
Is 991261 